 = s**2 + 3*s + 1. What is g(3)?
19
Let y(l) = -5*l**3 - l**2 - l + 2. Calculate y(-2).
40
Let v(h) = -4*h - 3. Determine v(-9).
33
Let i(q) = -8*q - 27. Calculate i(-4).
5
Let i(j) = -j**3 - j**2 - 14*j - 30. Determine i(-2).
2
Let k(y) = -2*y - 2. Give k(17).
-36
Let b(q) = -q**2 - 13*q - 23. Calculate b(-12).
-11
Let t(n) = 7*n**2 - 36*n + 20. Determine t(5).
15
Let z(p) = p**2 + 4*p + 4. Determine z(-4).
4
Let i(q) = 29*q**3 - q**2 - q + 1. What is i(1)?
28
Let z(c) = -c**3 - c**2 - c - 9. Determine z(-4).
43
Let v(h) = -h**2 - 3*h - 9. Calculate v(-6).
-27
Let y(c) = c**2 + 21*c + 16. Calculate y(-20).
-4
Let g(h) = h**2 + 16*h + 6. Calculate g(-4).
-42
Let q(p) = p**3 + 11*p**2 + 2*p + 14. Give q(-11).
-8
Let t(f) = -6*f - 13. What is t(-4)?
11
Let c(z) = z + 3. Give c(-3).
0
Let v(b) = 3*b**2. Give v(-1).
3
Let q(z) = -z + 14. Calculate q(6).
8
Let a(p) = p + 12. What is a(-3)?
9
Let f(n) = -2*n**2 - 2*n - 1. What is f(-1)?
-1
Let h(w) = -2*w - 23. Determine h(17).
-57
Let d(r) = -r**2 - 98*r + 401. Determine d(4).
-7
Let n(z) = 6*z - 9. Determine n(2).
3
Let j(s) = s**2 + 6*s - 8. Give j(-7).
-1
Let b(o) = 9*o**2 + o + 11. What is b(-3)?
89
Let l(r) = 10*r - 44. Calculate l(3).
-14
Let h(o) = 3*o + 10. Determine h(-6).
-8
Let n(z) = z**3 - 9*z**2 + 10*z + 2. Calculate n(8).
18
Let m(f) = 2*f + 10. Determine m(-13).
-16
Let i(h) = 17*h**3 + h**2 - 2*h + 1. Determine i(1).
17
Let m(b) = -6*b - 10. What is m(-4)?
14
Let w(p) = p**3 - p**2 + 1. What is w(-2)?
-11
Let y(t) = 3*t**2 + 6*t + 16. Calculate y(-2).
16
Let m(d) = 8*d + 85. Give m(-9).
13
Let y(i) = -i**2 + 6*i - 8. What is y(8)?
-24
Let q(l) = l**3 - 47*l**2 - l + 48. Give q(47).
1
Let v(w) = w**3 - w**2 - 1. Determine v(-2).
-13
Let u(w) = w**2 - 11*w + 15. Calculate u(6).
-15
Let s(t) = -t**3 + 18*t**2 + 16. Determine s(18).
16
Let d(m) = -m**2 - 9*m - 26. Give d(-4).
-6
Let t(u) = -u**3 - 18*u**2 - u - 31. What is t(-18)?
-13
Let r(z) = 4*z + 4. Give r(-2).
-4
Let x(g) = 2*g**3 + 40*g**2 - g - 14. What is x(-20)?
6
Let b(k) = -5*k - 24. Give b(-3).
-9
Let u(y) = y - 7. What is u(10)?
3
Let d(g) = -g**3 + 13*g**2 + 15*g - 3. Determine d(14).
11
Let a(p) = -9*p - 71. What is a(-10)?
19
Let i(x) = x**2 - 23*x + 64. Give i(20).
4
Let a(b) = -b**3 - 29*b**2 - 79*b - 20. Give a(-26).
6
Let v(x) = -x**3 + 3*x**2 - 5*x + 4. Calculate v(3).
-11
Let w(z) = z**2 + z - 17. Determine w(0).
-17
Let d(a) = 2*a**3 + 41*a**2 - 20*a - 5. Calculate d(-21).
-26
Let k(a) = -11*a - 109. Calculate k(-12).
23
Let s(k) = -21*k - 150. What is s(-12)?
102
Let z(o) = -6*o - 2. Determine z(-3).
16
Let s(c) = 10*c - 84. Calculate s(12).
36
Let s(h) = 81*h + 733. Determine s(-9).
4
Let i(a) = -a**3 - 15*a**2 + 16. What is i(-15)?
16
Let m(y) = 2*y**2 - y + 9. Calculate m(5).
54
Let x(u) = u - 3. Give x(6).
3
Let k(t) = 8*t + 70. Calculate k(-8).
6
Let k(m) = m**3 - m**2 - m - 2. Determine k(0).
-2
Let c(b) = -b**3 - 9*b**2 - 4*b + 18. Calculate c(-6).
-66
Let c(x) = -x**2 + 5*x + 3. Calculate c(3).
9
Let g(y) = -y**2 + 8*y - 13. What is g(4)?
3
Let r(z) = 3*z - 3. What is r(-7)?
-24
Let u(y) = -16*y + 2. What is u(2)?
-30
Let z(g) = g + 69. What is z(-28)?
41
Let w(l) = 7*l - 50. What is w(8)?
6
Let y(d) = -11*d**2 - d + 15. Give y(3).
-87
Let b(l) = -l**2 + l + 7. Calculate b(-4).
-13
Let h(m) = -2*m**3 - 2*m**2 + m - 3. Calculate h(-3).
30
Let u(r) = -r**2 - 9*r + 13. Give u(-8).
21
Let f(y) = y - 9. What is f(-8)?
-17
Let n(t) = -6*t + 3. What is n(-6)?
39
Let o(z) = -3*z**2 - 25*z + 26. Determine o(-9).
8
Let o(t) = -2*t. Determine o(-9).
18
Let k(x) = x**2 - 3*x - 10. What is k(8)?
30
Let v(j) = -4*j - 15. Determine v(-6).
9
Let o(y) = -2*y**2 + 24*y + 14. Give o(12).
14
Let m(q) = 2*q**2 + 9*q + 37. What is m(-10)?
147
Let f(p) = 8*p**2 - 5*p + 2. Give f(1).
5
Let b(k) = -32*k - 10. What is b(2)?
-74
Let o(w) = 2*w**2 + 22*w - 15. Calculate o(-11).
-15
Let g(n) = -6*n - 21. Determine g(-6).
15
Let j(z) = 6*z - 21. Determine j(10).
39
Let r(z) = z**2 - 7*z + 8. Give r(6).
2
Let d(o) = o**2 + 11*o + 5. Determine d(-12).
17
Let w(l) = -l**2 + 25. What is w(-6)?
-11
Let u(m) = -2*m + 17. Calculate u(10).
-3
Let h(u) = -5*u**3 - 2*u**2 + 2*u + 3. Determine h(-1).
4
Let p(y) = y**3 - 2*y**2 - 4*y + 3. Determine p(3).
0
Let o(r) = r**2 + 7*r + 13. Calculate o(-5).
3
Let m(s) = 14*s**2 + 21*s + 18. Give m(-1).
11
Let h(v) = -19*v - 47. Calculate h(6).
-161
Let i(s) = s**2 - 11*s + 26. What is i(4)?
-2
Let p(i) = -10*i**2 + 151*i - 8. Calculate p(15).
7
Let c(f) = -7*f - 7. Determine c(-2).
7
Let o(a) = -31*a**2 + a. What is o(1)?
-30
Let d(o) = -43*o**2 + o + 1. What is d(-1)?
-43
Let t(z) = 3*z**2 + z. Give t(3).
30
Let w(o) = 2*o - 14. Give w(6).
-2
Let l(c) = -c**2 + 11*c - 31. Determine l(3).
-7
Let z(s) = -s**2 - 6*s + 59. Determine z(-11).
4
Let j(r) = 4*r**2 - 66*r - 25. Give j(17).
9
Let q(z) = z**3 + 9*z**2 + 14*z - 9. What is q(-5)?
21
Let v(b) = -b**2 + 10*b - 7. Determine v(6).
17
Let a(h) = -h**2 + 16*h + 23. What is a(18)?
-13
Let o(c) = c**3 - 9*c**2 + 19*c - 8. Calculate o(6).
-2
Let q(g) = g**3 + 12*g**2 + 12*g + 9. Calculate q(-11).
-2
Let u(v) = -v**3 + 5*v**2 + v - 2. What is u(6)?
-32
Let x(z) = 9*z + 90. Calculate x(-8).
18
Let x(q) = 12*q + 1. Calculate x(1).
13
Let r(c) = 2*c**2 - 7*c - 17. Determine r(-2).
5
Let t(h) = -2*h**3 - h - 9. Give t(0).
-9
Let t(i) = -i**3 - 23*i**2 - 24*i - 48. What is t(-22)?
-4
Let p(i) = 15*i + 120. Give p(-8).
0
Let w(y) = -y**2 + y + 1. What is w(1)?
1
Let c(l) = -6*l + 15. Give c(-4).
39
Let d(a) = 3*a + 90. Calculate d(-28).
6
Let l(i) = -24*i - 21. Calculate l(1).
-45
Let d(j) = -4*j**2 - 8*j - 4. Calculate d(-5).
-64
Let h(g) = -3*g**2 + 10*g + 37. Give h(7).
-40
Let a(k) = k**3 + 12*k**2 + 3. Give a(-12).
3
Let h(l) = -l**2 - 2*l + 49. Calculate h(7).
-14
Let s(k) = 38*k**3 - k**2 - k + 2. What is s(1)?
38
Let a(r) = -r**2 - 5*r + 12. Calculate a(-7).
-2
Let b(h) = h**3 + 9*h**2 + 7*h + 1. What is b(-8)?
9
Let s(h) = 8*h**2 + h - 3. Calculate s(-2).
27
Let b(l) = -8*l + 155. Calculate b(22).
-21
Let i(s) = 63*s - 487. Give i(8).
17
Let q(w) = -w**3 - 8*w**2 - 2*w - 19. What is q(-8)?
-3
Let a(n) = n**3 - 7*n**2 - 5*n - 27. Determine a(8).
-3
Let r(s) = -s**3 - 11*s**2 - 11*s - 15. Give r(-10).
-5
Let o(g) = 5*g**2 + 2*g - 2. Determine o(4).
86
Let x(c) = -c**2 - 2*c + 12. What is x(-7)?
-23
Let n(t) = 3*t**2 - 13*t - 21. Determine n(6).
9
Let n(y) = 2*y - 4. Determine n(4).
4
Let q(a) = a**3 - 8*a**2 + 12*a. Give q(6).
0
Let f(m) = -m**3 + m**2 + 15*m - 27. Give f(3).
0
Let v(f) = -113*f - 227. Determine v(-2).
-1
Let h(a) = -a**2 - 8*a + 7. Give h(-9).
-2
Let p(h) = -h**2 + 3*h + 5. What is p(-2)?
-5
Let a(k) = -k**2 + 215. Determine a(-15).
-10
Let j(g) = -g**3 - 28*g**2 + 64*g + 93. Determine j(-30).
-27
Let a(f) = f**2 - 9*f + 2. Determine a(5).
-18
Let f(p) = -p**2 + 17*p - 11. Give f(15).
19
Let h(k) = 5*k - 3. What is h(10)?
47
Let i(y) = 2*y - 32. Determine i(0).
-32
Let m(b) = -3*b**2 + b - 2. Calculate m(2).
-12
Let n(i) = -59*i + 583. Calculate n(10).
-7
Let r(x) = -25*x - 171. Determine r(-7).
4
Let n(g) = -4*g**2 + 4*g - 10. What is n(3)?
-34
Let p(t) = -24*t - 78. Give p(-3).
-6
Let y(l) = -l**3 + 8*l**2 - 3*l - 2. Give y(3).
34
Let i(q) = q**3 + 24*q**2 - 5*q + 35. Determine i(-24).
155
Let v(u) = -3*u + 16. What is v(-4)?
28
Let a(m) = m**3 + 10*m**2 - 11*m - 5. Calculate a(-11).
-5
Let c(k) = -18*k + 1. Determine c(-1).
19
Let u(l) = -24*l**2 + 1. Determine u(-1).
-23
Let f(g) = -55*g + 386. Give f(7).
1
Let a(q) = -q**2 + 16*q - 61. Determine a(8).
3
Let l(f) = f**2 + 30*f + 44. What is l(-28)?
-12
Let y(j) = -j**2 - 3*j + 12. Determine y(-5).
2
Let j(m) = m**3 + 5*m**2 - 8*m - 13. What is j(-6)?
-1
Let a(k) = -k**2 - 7*k + 2. Calculate a(-9).
-16
Let b(j) = -j**2 + 8*j + 14. Determine b(-4).
-34
Let q(p) = 6*p**2 + 4*p + 2. What is q(-2)?
18
Let z(h) = -2*h + 4. Calculate z(14).
-24
Let x(s) = -56*s - 625. What is x(-11)?
-9
Let y(i) = 4*i**2 - 5*i - 4. What is y(-1)?
5
Let x(i) = -11*i - 15. Calculate x(-1).
-4
Let t(d) = 2*d**3 + d**2 - d - 5. Give t(2).
13
Let q(k) = k**2 - 12*k + 25. Give q(2).
5
Let x(u) = -2*u**3 - 18*u**2 - 17*u - 19. Calculate x(-8).
-11
Let h(g) = -g**2 + 2*g + 18. Determine h(-4).
-6
Let u(s) = s*